0 + 10) - 6?
-5
What is 5 + (1 + -2 - (6 + -3))?
1
What is (3 - (-5 + (-2 - -5))) + -6?
-1
Calculate (-14 - (-20 - -7)) + (-5 - -1).
-5
What is (-3 - (-10 - 0)) + -6 + 3?
4
Calculate 0 - 6 - (-16 - -12).
-2
What is the value of -5 - (-9 + 7) - 1?
-4
What is the value of 10 + -2 - (0 + -7 + 10)?
5
Calculate -1 - ((4 - 11 - -4) + 2).
0
Evaluate 3 + 0 + 3 + -5 + -1.
0
What is the value of -3 + 9 - 5 - (-1 - -8)?
-6
What is the value of -4 + (-2 - (-5 + -4))?
3
Evaluate 6 - ((-2 - -5) + 3).
0
Calculate 4 + 0 - (-13 - -20) - -9.
6
What is the value of -1 + -2 - (107 - 108)?
-2
(4 + 0 + 1 - 4) + 3
4
(-6 - -4) + 2 + 3
3
What is (0 - 11) + (6 - (0 + -2))?
-3
What is the value of (16 - 16) + (-3 - 2)?
-5
What is the value of 1 + (1 - -4 - 3)?
3
Evaluate (10 - 2) + -6 + -4.
-2
Calculate -8 + 7 + (4 - (0 - 2)).
5
Evaluate -5 - 6 - (-8 + -1).
-2
What is the value of -10 - -13 - (2 + 0 + 3)?
-2
Evaluate (6 - 3) + -2 + (2 - 4).
-1
(-5 - -14) + -20 + 8
-3
Evaluate (-9 - -10) + (0 - (-1 - -6)).
-4
Calculate (-6 - -7) + 1 + 1 + -7.
-4
3 + (8 - (1 - -5)) + 4
9
-4 + -2 + (8 - 1)
1
What is the value of 23 + -24 - (1 + -3)?
1
What is (3 - 0) + -14 - -7?
-4
Calculate 0 - 2 - (13 - 17).
2
What is 2 + (5 - 3 - 0)?
4
Evaluate 3 - 0 - (-5 + 7).
1
Evaluate 6 + (59 - 60) + (2 - 0).
7
What is -16 - -6 - -10 - 4?
-4
Evaluate 3 - (-9 + 12 + (1 - 7)).
6
Evaluate -9 - (1 + 5 - 9).
-6
Calculate 2 - (-1 + 5 + -5).
3
Calculate 0 + -2 + 3 + 5.
6
What is the value of 3 + (5 + -2 - 4)?
2
Calculate (-8 - -1) + 3 + 2.
-2
What is -16 + (7 - 1) + 4?
-6
Calculate -18 + 12 + 0 + 2.
-4
-73 + 69 - (1 - (0 + 0))
-5
-5 + (-5 + -2 - -14)
2
Evaluate 13 + (-8 - (-3 + -2)) - 5.
5
Calculate 8 + (4 - 8) + -4 + 2.
2
-3 + -3 + -1 - -2
-5
What is the value of 0 + 2 - (8 + -17 - -12)?
-1
What is (-12 - -5) + 6 + 6 - 6?
-1
What is the value of -3 + (3 - -4) + -2 + 0?
2
1 + 3 + (0 - (3 - 2))
3
What is (-6 - (-2 - (-6 - -4))) + 6?
0
14 - 15 - (0 + -2 + 0)
1
What is -3 - (-2 + 0 - 6)?
5
What is the value of -1 + 1 - ((0 - 2) + 4)?
-2
4 - (0 - (2 - (2 + 3)))
1
21 + (-15 - (3 + -7))
10
(0 - 4) + -3 + -7 + 14
0
Evaluate (5 - (-11 - -13)) + (9 - 3).
9
Evaluate -1 + -2 - (-4 + -3 + 9).
-5
4 + 1 - (1 + 8 - 3)
-1
Evaluate 3 + -2 + -4 + 7 - 3.
1
Calculate -8 - (-3 - (5 + -4)).
-4
What is the value of -38 + 47 + -4 + 1?
6
What is the value of 0 - (-5 + 3 + 1 + 3)?
-2
-2 - (-1 - -3) - -4
0
What is the value of 4 + -9 + 1 - -6?
2
What is 1 + -4 - -12 - 12?
-3
What is 7 + (-6 - -4 - 5)?
0
What is the value of 5 + -10 + (-5 - -9)?
-1
What is the value of 4 + 8 + -9 + -3 - 1?
-1
Calculate -13 + 21 - (2 - -4).
2
Evaluate (4 - (2 - 4)) + (-11 - -7).
2
What is 1 - -7 - (-4 + 12)?
0
What is 7 - (11 - (6 + -3))?
-1
What is the value of 10 - 3 - (-3 + 8)?
2
Evaluate 16 + -14 + -3 + 8.
7
Calculate 2 + (-2 - -5) - (20 + -17).
2
What is (2 - 2) + 0 + 5 + 0?
5
Calculate (-13 - -8) + 9 + 0 - 3.
1
8 - (0 - -4) - (2 + 0)
2
What is -5 + -5 + -5 + 3 + 4?
-8
Calculate -3 + 4 + 1 + 2 + -3.
1
What is the value of 1 + (-2 - (-1 + 3))?
-3
What is 5 + (-5 - -8) - (-3 - -5)?
6
Calculate -1 - (-1 + (-9 - -8)).
1
Evaluate -10 - -3 - -5 - (-2 + 1).
-1
-2 + -4 + 8 + -3
-1
Calculate 3 + -7 + 0 - -3.
-1
7 + -3 + -3 + 3
4
Evaluate (0 - -2) + -3 + 46 + -40.
5
Calculate -2 - (2 + 2 - (4 - 2)).
-4
-4 - -1 - (-7 - -13 - 4)
-5
Calculate -5 - (6 - 5 - (3 - -1)).
-2
Calculate (5 - (-4 + 10)) + 4 + 0.
3
What is 3 + (-1 - 8) - -5?
-1
What is the value of (10 - 0) + -15 + 6?
1
What is the value of -3 + -2 + 0 + (65 - 55)?
5
What is -43 + 31 + (0 - 0 - -6)?
-6
What is the value of (-3 - 0) + (-9 - (-7 - 0))?
-5
Evaluate (3 - 11 - (-7 + 3)) + 4.
0
47 + -51 - (-8 - 0)
4
What is the value of (7 - 1) + (-2 - (7 - 5))?
2
Evaluate 3 - (-4 + 0 + 3 - -3).
1
What is 4 - (2 + 3 + -4)?
3
What is the value of (-8 - (-3 + (-4 - -3))) + -3?
-7
What is -9 - (4 + -6) - -4?
-3
Evaluate -33 + 28 - (-1 - 0 - 9).
5
5 + 1 + (-4 - -1)
3
What is (19 - 13) + -12 + (-1 - 1)?
-8
Calculate 6 - 11 - ((2 - 2) + -1).
-4
What is (2 - 2) + 7 - 1 - -1?
7
What is the value of 8 - (-3 + 6) - (-15 - -18)?
2
What is -6 + (0 + -5 - (-16 - -10))?
-5
Evaluate -18 + 16 + (-1 - 1).
-4
Calculate (5 - 8 - 4) + 3.
-4
What is the value of 1 - -2 - (4 + -8 - -6)?
1
What is -11 + 6 + 5 - (1 + -1)?
0
9 + -6 + 4 + -4 + 0
3
Evaluate (-2 - 0) + 3 + -4 + 2.
-1
What is -96 + 89 + (8 - 0)?
1
Calculate 2 + -10 + 6 + -1 + 3.
0
Evaluate 2 + -2 + (4 + -2 - 7).
-5
Evaluate 2 + -7 - -2 - (-6 - -1).
2
Calculate -2 + -8 + (-3 + 0 - -5).
-8
What is the value of (2 - (1 - -8)) + (33 - 26)?
0
What is 4 - (6 + -1 + -2)?
1
What is the value of -9 + -1 - (-8 - -2)?
-4
What is 0 + 6 + 9 + -7 + -7?
1
0 + (0 - -2) + -1 - -4
5
Calculate (5 - 13) + 0 - -2.
-6
Evaluate 4 - (0 - 1 - -7).
-2
Evaluate -10 + (10 - 13) + 7.
-6
Evaluate -13 - (-23 + (17 - 10)).
3
Evaluate 3 + 0 - (7 + 0 + -5).
1
Evaluate (0 - 0) + 10 - 1.
9
Calculate -3 + (6 - 1) + 0 - 0.
2
(4 - 2) + -4 + -1
-3
What is -2 + 3 + (-5 - (8 - 8))?
-4
Calculate 0 - 2 - (-6 - 1).
5
What is the value of (17 - 22) + (-2 - -2)?
-5
What is the value of (24 - 17) + -6 + (2 - 1)?
2
Evaluate (-2 - (2 + -2)) + 0 + -3.
-5
-6 + 6 + -2 + 4 + 0
2
What is the value of 223 + -209 - (0 + 5)?
9
(-10 - 0 - -4) + -1
-7
Calculate 9 + 5 + -1 - 5.
8
What is the value of 2 - (-3 + 6) - (5 + -3)?
-3
8 - (4 - (0 - -1))
5
What is (-6 - 1) + 7 - (1 + -2)?
1
What is -3 + (2 - -2) - 1?
0
What is 1 + -4 + 1 - -9?
7
Calculate 12 + -6 - (-1 + (-2 - -7)).
2
Calculate -5 - 1 - (7 + (-22 - -10)).
-1
Calculate 9 - (-5 + 1 + 21).
-8
Evaluate 88 + -81 + -3 + 3 + 3.
10
What is the value of (1 - -7) + -8 + 4 + -1?
3
What is 8 - (2 + -8 + 12)?
2
Evaluate -5 + -3 + 27 + -12.
7
What is the value of (22 - 13) + (0 - 14)?
-5
-5 - (-1 + 0 + 13 + -25)
8
What is the value of 5 - -3 - (-2 - (0 + -6))?
4
Calculate (18 - 20) + -3 + 2 + 2.
-1
What is -8 + 6 + -2 - -6?
2
0 + 3 - (2 - -5)
-4
What is the value of 1 - -6 - 10 - 3?
-6
What is (3 + 2 - 4) + -4 + 1?
-2
Evaluate (-10 - -4) + 3 - 1 - -3.
-1
What is (2 - -7) + -11 + -1 + 1?
-2
-7 + (-9 - -4 - 0 - -10)
-2
What is the value of 6 - 9 - (2 - 3)?
-2
Evaluate -8 + 5 - (1 + -2).
-2
What is -7 - -3 - 2 - (5 + -13)?
2
What is -1 - (-1 + 1 + 1)?
-2
Evaluate (-7 + 10 - (0 - 2)) + -5.
0
Calculate -3 + (-5 + 7 - 4).
-5
What is 2 - (1 + 0 + -4)?
5
What is the value of -8 - (-14 - 1 - -3)?
4
1 + (0 - (0 - 4)) + 0
5
(1 - -7) + 5 - 7
6
(-2 - 7) + 12 + -1
2
Evaluate -1 - (-10 + 3 + 5).
1
What is (2 - -1) + 1 + -8?
-4
What is 0 - -8 - (-7 + 10)?
5
What is the value of (0 - 3) + (4 - 4)?
-3
(-170 - -158) + 15 + 1
4
Calculate 1 - 2 - (5 + -4).
-2
Calculate 1 - (-11 + 0 - (24 - 31)).
5
(3 + -1 - -2) + -5
-1
Evaluate 7 + -2 - 2 - 6.
-3
23 + -28 + 1 + 4
0
What is the value of -30 + 21 + (17 - 3)?
5
-4 + (1 + 4 - (-5 + 8))
-2
Evaluate (6 - (-1 - -4 - 3)) + -5.
1
Evaluate (-2 + -2 - 2) + 6 + 5.
5
Evaluate 5 + (-2 - 0) - (7 + -5).
1
Evaluate 6 + 4 + -6 + -4 + 3.
3
What is 8 - (-5 + 14 + -6)?
5
Evaluate -4 + 9 + -1 + -7 + -2.
-5
-5 + 4 - 6 - -6
-1
Evaluate -1 + (-1 - 3 - -6).
1
What is 0 - (4 - (5 + -5))?
-4
What is the value of 2 + -2 + 0 + 3 + -5?
-2
What is -4 + 0 + -10 + 12?
-2
-6 - (2 - ((6 - -1) + 1))
0
Evaluate 98 + -90 + 0 + -9.
-1
Calculate -4 - (0 + (-6 - (-1 - 0))).
1
What is the value of (-9 - 0) + 17 + -14 - -1?
-5
2 + (-4 - -9) + -12
-5
-55 + 58 + (1 - (5 + 0))
-1
What is the value of -5 + (3 + -6 - -6)?
-2
(0 - -1) + (10 - 10)
1
Calculate -5 + (-1 - (4 - 5)).
-5
-3 + (-4 - (-3 - -1)) - -7
2
Calculate (-1 - -1) + -21 + 23.
2
Calculate -3 + (-1 - 7) - -9.
-2
Calculate (-1 - (-4 + 6)) + 7.
4
Evaluate 5 - 0 - (15 - 13).
3
Calculate 3 - 0 - -1 - 11 - -4.
-3
Calculate 18 + -25 + 2 + 1 + -1.
-5
Calculate 12 - (-5 + 1 + 9).
7
Calculate 13 + -11 - (-2 + 1).
3
Calculate 7 + 2 + 22 + -38.
-7
Evaluate 7 + -2 + (-2 - 3).
0
(3 + -2 - 7) + 7
1
What is (2 - -1) + 1 + -4 + -1?
-1
Calculate (1 - 9) + 15 + -11.
-4
Evaluate -93 + 101 - (8 - -1).
-1
Calculate 0 + (4 - (-3 + (7 - 4))).
4
Calculate 11 - 0 - (-58 + 68).
1
Evaluate -5 + (-7 + 1 + 2 - -14).
5
What is the value of (-2 + -4 + 2 - -7) + -8?
-5
Calculate (-2 - -5) + -1 - 1.
1
What is the value of 3 + (14 - (-1 + 9)) + -11?
-2
Calculate -4 + -3 + 4 + -1.
-4
Evaluate 2 - ((-3 - 1) + (5 - -6)).
-5
Calculate -6 - (-2 - (0 + (-6 - -10))).
0
What